31
In base 15, what is -9 + -994e1?
-994ea
In base 8, what is -3 - -140262525?
140262522
In base 7, what is -630 - -1112106?
1111146
In base 15, what is -1e66ece + 0?
-1e66ece
In base 11, what is 1274 - -72330?
735a4
In base 14, what is 2 - -29ad1?
29ad3
In base 15, what is 1507d32d + -2?
1507d32b
In base 10, what is -6922 - 1195?
-8117
In base 8, what is -226745 - 13?
-226760
In base 15, what is 1a - -5cbc1?
5cbdb
In base 9, what is -5 + -16155785?
-16155801
In base 2, what is -10101001 + 1010110101011101?
1010110010110100
In base 7, what is -110336 + -13231?
-123600
In base 8, what is -257 - -147327?
147050
In base 7, what is -62032 - 521?
-62553
In base 14, what is -43 - -86a4?
8661
In base 14, what is a + -1516c105?
-1516c0d9
In base 7, what is 250161624 + -3?
250161621
In base 4, what is -2001 - 330103303?
-330111310
In base 9, what is -30744700 - -5?
-30744684
In base 6, what is -34 - 150011?
-150045
In base 14, what is -121a0 - -1baa?
-103d4
In base 3, what is -1200210010 + -122110?
-1201102120
In base 12, what is 5 - a8a016?
-a8a011
In base 13, what is -45 + -14361?
-143a6
In base 3, what is -1222 + -212112010212111?
-212112010221110
In base 7, what is 4616 - 1044226?
-1036310
In base 10, what is -509949 - 2?
-509951
In base 5, what is -3432440122 + 12?
-3432440110
In base 14, what is -189624 + -5b?
-189681
In base 6, what is -1411 - 2403235?
-2405050
In base 9, what is -15175 - 13174?
-28360
In base 2, what is -111 - -1110111010000100110101?
1110111010000100101110
In base 8, what is -4707 - 175032?
-201741
In base 12, what is 11 + -3a4836?
-3a4825
In base 3, what is -200 - -101022010221?
101022010021
In base 13, what is -636a + ba6?
-5494
In base 13, what is -1052a + -2050?
-1257a
In base 14, what is 1 - 15bb1395?
-15bb1394
In base 12, what is 481a07 + -33?
481994
In base 15, what is -4 + 15a4e1b?
15a4e17
In base 4, what is -203013010000 - 3?
-203013010003
In base 2, what is -1010000100110100000111 - -1011?
-1010000100110011111100
In base 7, what is -5 + 2455654?
2455646
In base 3, what is -21101110220 + -20020?
-21101201010
In base 4, what is 1200 - -220301?
222101
In base 11, what is -460503901 - 0?
-460503901
In base 5, what is 2041022210 + 1201?
2041023411
In base 5, what is 4342 - 404441342?
-404432000
In base 6, what is -11011103313 - 1?
-11011103314
In base 11, what is -43 - -2456580?
2456538
In base 16, what is 0 - 6166741?
-6166741
In base 15, what is 53529c - -6?
5352a3
In base 12, what is -a - -1680ba5?
1680b97
In base 2, what is -10000010001100110000101 - 1?
-10000010001100110000110
In base 15, what is -165c8d - -11?
-165c7c
In base 5, what is 1320402 + -201021?
1114331
In base 7, what is 204624 + 11020?
215644
In base 4, what is -300213103120 + 3?
-300213103111
In base 11, what is 8094 + a4?
8188
In base 7, what is -12232 - -53105?
40543
In base 15, what is 18 - 5e958?
-5e940
In base 13, what is 1a5818680 - 2?
1a581867b
In base 6, what is 10 - 5440110?
-5440100
In base 10, what is 52 + 94101?
94153
In base 10, what is 10266736 - 0?
10266736
In base 12, what is -58a0 - -3?
-5899
In base 7, what is 63 + -6104642?
-6104546
In base 5, what is 2021002241 + -4?
2021002232
In base 12, what is -223407b + 3?
-2234078
In base 13, what is 0 - -bc207b0?
bc207b0
In base 3, what is -102221112100102022 + 1?
-102221112100102021
In base 11, what is 4 + -1970471?
-1970468
In base 8, what is 15001 + -1405?
13374
In base 14, what is 3 + 10ab2d?
10ab32
In base 7, what is 2 + -1234422451?
-1234422446
In base 10, what is 300083 + -512?
299571
In base 6, what is -421434 - -10350?
-411044
In base 15, what is 4 + 4ad7898?
4ad789c
In base 16, what is 2123f + 2?
21241
In base 14, what is b - -d85a050?
d85a05b
In base 16, what is 484 + -44f6?
-4072
In base 8, what is 410 - -147276?
147706
In base 15, what is 3622 + b1?
36d3
In base 8, what is -456 + 357232?
356554
In base 7, what is -43233615 + -4?
-43233622
In base 3, what is -100 - -11100112202102?
11100112202002
In base 12, what is 8 - -67a3b?
67a47
In base 11, what is 96 - 163a6?
-16310
In base 13, what is -4 + -2037bac2?
-2037bac6
In base 13, what is 3 + -44784b24?
-44784b21
In base 16, what is 9ea - 16ec?
-d02
In base 8, what is -1 - -154706700?
154706677
In base 7, what is 1635 - -4116445?
4121413
In base 11, what is 58933 - 42?
588a1
In base 12, what is 961 - 1a62?
-1101
In base 11, what is 50a + 27a63?
28472
In base 10, what is -240894 - 312?
-241206
In base 4, what is 212 + 210303013?
210303231
In base 3, what is 12 + 1212222002122202?
1212222002122221
In base 3, what is -21012 + 2010110201?
2010012112
In base 16, what is -1a712 - 1e?
-1a730
In base 7, what is -436 - -1023050?
1022311
In base 3, what is 2122112211 - 1201?
2122111010
In base 11, what is -57a170 - 7?
-57a177
In base 7, what is -34 + 3653534?
3653500
In base 10, what is 4 - 11015920?
-11015916
In base 12, what is -8b8371 + 2?
-8b836b
In base 4, what is 1001 - 13103300103?
-13103233102
In base 2, what is 10110011 + 100000011010111110?
100000011101110001
In base 5, what is -111333 + 123241?
11403
In base 4, what is 110223 - -303210001?
303320230
In base 4, what is -1033003122 + 1320?
-1033001202
In base 15, what is -156697 + -13?
-1566aa
In base 5, what is 124413021 - -243?
124413314
In base 8, what is -3325573201 + -4?
-3325573205
In base 14, what is 1903 + 8517?
a01a
In base 13, what is -15a196 - 54?
-15a21a
In base 14, what is -3 - -82675a?
826757
In base 8, what is -1 - -4657321?
4657320
In base 5, what is -14 - 4134202003?
-4134202022
In base 6, what is 105553034 + 3?
105553041
In base 4, what is -20322003 + 1101?
-20320302
In base 10, what is 2 - 5716581?
-5716579
In base 16, what is 16f1ca + 10?
16f1da
In base 6, what is 341554452 - 24?
341554424
In base 6, what is -123143505312 - 0?
-123143505312
In base 4, what is -1313301012 - -11?
-1313301001
In base 7, what is -200 + -4435035?
-4435235
In base 15, what is -7c7190 - -4?
-7c718b
In base 7, what is -2130613603 + -6?
-2130613612
In base 8, what is -133064 - -164?
-132700
In base 8, what is 511020360 + -1?
511020357
In base 14, what is -9 - 911258?
-911263
In base 15, what is -7d - 734c?
-73ca
In base 10, what is -17001131 + 0?
-17001131
In base 5, what is -14 + -103020322103?
-103020322122
In base 11, what is -2aa + 701305?
701006
In base 15, what is -1 - -3063643?
3063642
In base 2, what is 101 - 1100011100110011110110?
-1100011100110011110001
In base 15, what is -62c - 1b16?
-2243
In base 5, what is 2123221343 + -3?
2123221340
In base 5, what is -1312214 - -114014?
-1143200
In base 14, what is 9741a + -49?
973b1
In base 15, what is 52d3 - -a361?
10644
In base 12, what is 5a - 11022?
-10b84
In base 12, what is 5 - -226b4a?
226b53
In base 12, what is -b89abb + -15?
-b89b14
In base 2, what is -11000 + 1100101011110011011001?
1100101011110011000001
In base 4, what is 2033121221122 - 3?
2033121221113
In base 10, what is -666 - 869?
-1535
In base 8, what is 5 - -2423126?
2423133
In base 15, what is -569001 + -4?
-569005
In base 12, what is 169a016 + 0?
169a016
In base 6, what is -121311055 + 1014?
-121310041
In base 10, what is -21668483 - 3?
-21668486
In base 11, what is -8 - 7730951?
-7730959
In base 13, what is -56387a + b?
-56386c
In base 2, what is 0 - 1000010100000000111100?
-1000010100000000111100
In base 4, what is 1 + -13123132033312?
-13123132033311
In base 4, what is -10201301100 + -22?
-10201301122
In base 3, what is -101210 - 12112222022?
-12120101002
In base 10, what is -27 - 389317?
-389344
In base 12, what is -2 - -2ab78556?
2ab78554
In base 4, what is 233213 - -33312330?
100212203
In base 16, what is -3885 - -81d?
-3068
In base 4, what is -13103130112 + 3?
-13103130103
In base 15, what is -72a2 + be?
-71d3
In base 10, what is 3 - -119635498?
119635501
In base 4, what is -303 + -2021101113?
-2021102022
In base 8, what is -1 + -567473?
-567474
In base 4, what is 231021211320 + 0?
231021211320
In base 8, what is 26207 + 670?
27077
In base 11, what is 155860 - -463?
156213
In base 9, what is 11 - -1166686?
1166707
In base 10, what is -17581 + 1864?
-15717
In base 8, what is 6641123 - -22?
6641145
In base 9, what is 12472621 + -25?
12472585
In base 8, what is 5 - -204213633?
204213640
In base 4, what is -21032333002 - -221?
-21032332121
In base 15, what is -